11 divide 154?
True
Is 4 a factor of 3293?
False
Is 85 a multiple of 10?
False
Is 744 a multiple of 3?
True
Does 26 divide 4323?
False
Is 36 a factor of 80316?
True
Is 1176 a multiple of 56?
True
Is 6001 even?
False
Does 52 divide 8112?
True
Is 9 a factor of 2507?
False
Is 13 a factor of 18921?
False
Is 6528 a multiple of 4?
True
Is 165 a factor of 3209?
False
Is 17 a factor of 323?
True
Is 13 a factor of 4320?
False
Is 114 a factor of 8095?
False
Is 496 a multiple of 31?
True
Does 7 divide 1997?
False
Is 45 a factor of 270?
True
Is 2969 a multiple of 25?
False
Does 62 divide 138861?
False
Does 15 divide 18086?
False
Is 11 a factor of 737?
True
Is 8 a factor of 10321?
False
Does 3 divide 185?
False
Does 39 divide 4671?
False
Is 12 a factor of 627?
False
Does 18 divide 5356?
False
Does 64 divide 64?
True
Does 24 divide 5657?
False
Is 7 a factor of 21?
True
Does 34 divide 649?
False
Is 67 a factor of 3015?
True
Is 37040 a multiple of 9?
False
Is 12 a factor of 17712?
True
Is 13 a factor of 606?
False
Is 24125 a multiple of 27?
False
Is 13 a factor of 469?
False
Is 25 a factor of 69125?
True
Is 423 a multiple of 16?
False
Is 716 a multiple of 2?
True
Does 3 divide 138?
True
Does 76 divide 544?
False
Does 6 divide 510?
True
Is 442 a multiple of 4?
False
Is 2268 a multiple of 108?
True
Is 852 a multiple of 12?
True
Is 39940 a multiple of 107?
False
Is 52 a factor of 88803?
False
Is 2960 a multiple of 20?
True
Is 598 a multiple of 26?
True
Is 6 a factor of 3529?
False
Is 2157 a multiple of 56?
False
Is 76 a factor of 2356?
True
Does 72 divide 5727?
False
Is 2611 a multiple of 7?
True
Is 1026 a multiple of 62?
False
Is 81 a factor of 2608?
False
Is 10 a factor of 62?
False
Is 1750 a multiple of 25?
True
Does 207 divide 17937?
False
Does 39 divide 117?
True
Is 149 a multiple of 6?
False
Does 33 divide 660?
True
Does 23 divide 20953?
True
Is 15 a factor of 3195?
True
Does 3 divide 318?
True
Does 5 divide 108?
False
Is 6 a factor of 15606?
True
Is 1188 a multiple of 54?
True
Is 58354 a multiple of 61?
False
Does 45 divide 2070?
True
Does 36 divide 1800?
True
Does 46 divide 3293?
False
Is 24 a factor of 5902?
False
Is 460 a multiple of 23?
True
Is 7370 a multiple of 32?
False
Is 1208 a multiple of 29?
False
Is 40 a factor of 1000?
True
Is 27491 a multiple of 177?
False
Is 480 a multiple of 15?
True
Is 6450 a multiple of 15?
True
Is 68 a factor of 1301?
False
Is 4 a factor of 25216?
True
Is 8190 a multiple of 243?
False
Does 137 divide 1644?
True
Is 10 a factor of 1229?
False
Does 19 divide 1447?
False
Does 81 divide 1134?
True
Is 20 a factor of 24618?
False
Is 21 a factor of 236?
False
Does 20 divide 7720?
True
Does 122 divide 8091?
False
Is 505 a multiple of 24?
False
Is 264 a multiple of 38?
False
Is 7 a factor of 1172?
False
Is 27120 a multiple of 48?
True
Does 41 divide 533?
True
Does 13 divide 1848?
False
Does 55 divide 5539?
False
Is 8 a factor of 615?
False
Does 6 divide 3288?
True
Does 3 divide 1561?
False
Does 7 divide 12791?
False
Is 1641 a multiple of 15?
False
Is 81451 a multiple of 15?
False
Does 32 divide 261?
False
Is 9651 a multiple of 36?
False
Does 8 divide 1528?
True
Does 20 divide 483?
False
Is 1436 a multiple of 28?
False
Is 118 a factor of 12124?
False
Is 22 a factor of 6772?
False
Is 5 a factor of 6645?
True
Is 7 a factor of 467?
False
Is 1503 a multiple of 9?
True
Is 780 a multiple of 60?
True
Does 59 divide 15862?
False
Is 17 a factor of 260?
False
Is 62 a factor of 41253?
False
Does 22 divide 2398?
True
Does 31 divide 1798?
True
Is 7 a factor of 705?
False
Is 75060 a multiple of 18?
True
Is 69 a factor of 274?
False
Does 79 divide 24253?
True
Is 468 a multiple of 12?
True
Is 6 a factor of 8808?
True
Does 116 divide 69020?
True
Is 14 a factor of 420?
True
Does 8 divide 6341?
False
Does 40 divide 3437?
False
Is 2409 a multiple of 33?
True
Is 45984 a multiple of 48?
True
Is 12257 a multiple of 270?
False
Is 22548 a multiple of 4?
True
Does 119 divide 10797?
False
Does 9 divide 1374?
False
Does 18 divide 882?
True
Is 81 a factor of 1968?
False
Does 48 divide 581?
False
Is 269 a multiple of 35?
False
Is 8545 a multiple of 12?
False
Is 68 a factor of 718?
False
Does 120 divide 1920?
True
Does 36 divide 21340?
False
Is 87 a multiple of 3?
True
Does 10 divide 250?
True
Is 12091 a multiple of 13?
False
Does 43 divide 3397?
True
Is 4400 a multiple of 44?
True
Is 9 a factor of 481?
False
Is 23676 a multiple of 12?
True
Does 4 divide 436?
True
Is 9 a factor of 7128?
True
Is 41 a factor of 1435?
True
Is 34 a factor of 9010?
True
Is 12 a factor of 19020?
True
Is 6 a factor of 22323?
False
Is 6065 a multiple of 17?
False
Does 9 divide 260?
False
Does 102 divide 6528?
True
Does 2 divide 432?
True
Is 2030 a multiple of 8?
False
Is 4393 a multiple of 54?
False
Does 96 divide 7785?
False
Is 563 a multiple of 10?
False
Does 66 divide 2179?
False
Does 22 divide 77682?
True
Is 2847 a multiple of 48?
False
Is 256 a multiple of 128?
True
Is 10 a factor of 3240?
True
Does 25 divide 263?
False
Is 132 a factor of 56760?
True
Is 7383 a multiple of 69?
True
Does 317 divide 39331?
False
Is 13 a factor of 5176?
False
Does 33 divide 23199?
True
Is 2412 a multiple of 23?
False
Is 51 a factor of 2142?
True
Is 28 a factor of 675?
False
Is 192 a multiple of 13?
False
Does 267 divide 7171?
False
Does 297 divide 114328?
False
Is 12220 a multiple of 20?
True
Is 15 a factor of 3210?
True
Does 7 divide 8978?
False
Does 134 divide 75978?
True
Is 19 a factor of 1195?
False
Is 623 a multiple of 16?
False
Is 1343 a multiple of 12?
False
Is 840 a multiple of 15?
True
Is 60 a factor of 497?
False
Is 1848 a multiple of 7?
True
Is 302 a factor of 795?
False
Does 11 divide 349?
False
Is 12 a factor of 468?
True
Is 3776 a multiple of 9?
False
Is 11452 a multiple of 4?
True
Does 91 divide 28304?
False
Does 30 divide 8497?
False
Is 29356 a multiple of 41?
True
Is 152 a factor of 2751?
False
Is 31207 a multiple of 11?
True
Is 227 a multiple of 21?
False
Does 54 divide 11237?
False
Is 9 a factor of 153?
True
Does 7 divide 448?
True
Is 84 a multiple of 7?
True
Does 8 divide 184?
True
Does 18 divide 999?
False
Does 30 divide 18270?
True
Does 16 divide 5168?
True
Does 11 divide 2343?
True
Is 13 a factor of 293?
False
Does 75 divide 33600?
True
Is 58729 a multiple of 19?
True
Is 14238 a multiple of 21?
True
Does 23 divide 72862?
False
Is 412 a multiple of 22?
False
Is 22 a factor of 308?
True
Is 1595 a multiple of 39?
False
Does 5 divide 2140?
True
Does 26 divide 7670?
True
Is 18 a multiple of 9?
True
Does 122 divide 42578?
True
Is 34 a factor of 43996?
True
Is 19 a factor of 316?
False
Does 82 divide 138?
False
Does 12 divide 5248?
False
Is 52 a factor of 10816?
True
Is 237 a multiple of 11?
False
Is 6 a factor of 282?
True
Is 18 a factor of 18?
True
Does 19 divide 192?
False
Is 1185 a multiple of 40?
False
Is 6 a factor of 9424?
False
Is 1858 a multiple of 10?
False
Is 5 a factor of 648?
False
Is 15 a factor of 7035?
True
Is 416 a multiple of 32?
True
Does 21 divide 243?
False
Does 6 divide 901?
False
Does 61 divide 1586?
True
Does 4 divide 510?
False
Is 7 a factor of 1449?
True
Is 32 a factor of 3851?
False
Does 98 divide 4066?
False
Does 25 divide 4848?
False
Does 36 divide 588?
False
Does 21 divide 1218?
True
Is 27314 a multiple of 12?
False
Does 3 divide 3572?
False
Is 6552 a multiple of 63?
True
Does 18 divide 324?
True
Does 24 divide 2088?
True
Is 888 a multiple of 111?
True
Does 7 divide 182?
True
Does 4 divide 252?
True
Is 20 a factor of 61611?
False
Is 1845 a multiple of 111?
False
Does 50 divide 256?
False
Does 33 divide 1334?
False
Is 59 a factor of 1357?
True
Is 246 a multiple of 32?
False
Is 7 a factor of 1474?
False
Does 25 divide 1300?
True
Is 10604 a multiple of 44?
True
Is 3203 a multiple of 23?
False
Is 2464 a multiple of 11?
True
Is 40 a factor of 19880?
True
Is 725 a multiple of 13?
False
Is 46113 a multiple of 19?
True
Does 14 divide 3085?
False
Does 56 divide 723?
False
Does 30 divide 21330?
True
Is 4367 a multiple of 18?
False
Is 5481 a multiple of 51?
False
Is 1119 a multiple of 24?
False
Is 23 a factor of 1633?
True
Does 17 divide 17?
True
Is 7957 a multiple of 4?
False
Is 4785 a multiple of 8?
False
Is 29 a factor of 1160?
True
Is 861 a multiple of 10?
F